{"id":1243,"date":"2019-02-06T17:20:57","date_gmt":"2019-02-06T14:20:57","guid":{"rendered":"https:\/\/www.anastasiapopescu.ro\/scoala\/?page_id=1243"},"modified":"2025-09-06T11:44:03","modified_gmt":"2025-09-06T08:44:03","slug":"contributii-si-program","status":"publish","type":"page","link":"https:\/\/www.anastasiapopescu.ro\/scoala\/contributii-si-program\/","title":{"rendered":"Contribu\u021bii \u0219i program"},"content":{"rendered":"<p>[et_pb_section fb_built=&#8221;1&#8243; _builder_version=&#8221;4.16&#8243; background_size=&#8221;initial&#8221; global_colors_info=&#8221;{}&#8221;][et_pb_row _builder_version=&#8221;4.16&#8243; global_colors_info=&#8221;{}&#8221;][et_pb_column type=&#8221;4_4&#8243; _builder_version=&#8221;4.16&#8243; custom_padding=&#8221;|||&#8221; global_colors_info=&#8221;{}&#8221; custom_padding__hover=&#8221;|||&#8221;][et_pb_text _builder_version=&#8221;4.16&#8243; global_colors_info=&#8221;{}&#8221;]<\/p>\n<h2>Program educa\u021bional, activit\u0103\u021bi op\u021bionale \u0219i contribu\u021bii<\/h2>\n<p>[\/et_pb_text][\/et_pb_column][\/et_pb_row][et_pb_row column_structure=&#8221;2_5,3_5&#8243; use_custom_gutter=&#8221;on&#8221; gutter_width=&#8221;4&#8243; _builder_version=&#8221;4.16&#8243; background_image=&#8221;https:\/\/www.anastasiapopescu.ro\/scoala\/wp-content\/uploads\/logo-bg-gimnaziu.png&#8221; background_size=&#8221;initial&#8221; background_position=&#8221;top_center&#8221; global_colors_info=&#8221;{}&#8221;][et_pb_column type=&#8221;2_5&#8243; _builder_version=&#8221;4.16&#8243; custom_padding=&#8221;|||&#8221; global_colors_info=&#8221;{}&#8221; custom_padding__hover=&#8221;|||&#8221;][et_pb_text _builder_version=&#8221;4.16&#8243; header_font=&#8221;||||||||&#8221; header_2_font=&#8221;||||||||&#8221; global_colors_info=&#8221;{}&#8221;]<\/p>\n<p style=\"text-align: justify;\">Continu\u00e2nd specificul programei \u201cArc-en-Ciel\u201d, \u00een \u0218coala Gimnazial\u0103 \u201cAnastasia Popescu\u201d este aplicat curriculum-ul na\u021bional, \u00eembog\u0103\u021bit cu studierea celor trei limbi str\u0103ine &#8211; engleza, franceza, germana, precum \u0219i cu atelierele \u0219i cluburile demarate \u00eenc\u0103 din gr\u0103dini\u021b\u0103: arte plastice, muzica instrumentala si corala, teatru, jurnalism, atletism, dans sportiv, Karate, programul Mind Lab.<br \/> Fiecare clasa cuprinde un numar de aproximativ 25 de elevi.<\/p>\n<p style=\"text-align: justify;\">Elevii isi pregatesc temele in scoala, sub forma unor ore de consolidare, fiind indrumati de invatatoarele si profesorii fiecarei clase.<br \/> La nivelul scolii se deruleaza proiecte locale, nationale si internationale care ii antreneaza pe elevi si pe profesori in schimburi de experienta si parteneriate scolare.<\/p>\n<p style=\"text-align: justify;\">Sunt organizate permanent activitati extracurriculare: vizionari de spectacole, vizite la muzee, excursii, tabere tematice, precum si programul \u201cArc-en-Ciel Estival\u201d, desfasurat in lunile iulie si august, deschis tuturor copiilor cu varsta intre 2 si 14 ani.<\/p>\n<p>&nbsp;<\/p>\n<h3>Desf\u0103\u0219ur\u0103tor zilnic:<\/h3>\n<p><strong><span class=\"success\">08.00 \u2013 12.00<\/span><\/strong><span>\u00a0<\/span>\u2013 curriculum na\u021bional<br \/> <strong>12.00 \u2013 14.00<\/strong><span>\u00a0<\/span>\u2013 limbi str\u0103ine sau consolid\u0103ri<br \/> <strong>14.00 \u2013 15.00<\/strong><span>\u00a0<\/span>\u2013 masa de pr\u00e2nz \u0219i jocuri<br \/> <strong>15.00 \u2013 17.00<\/strong><span>\u00a0<\/span>\u2013 (luni \u2013 joi) limbi str\u0103ine sau consolid\u0103ri,<br \/> (vineri) activit\u0103\u021bi op\u021bionale<br \/> <strong>17.00 \u2013 18.00<\/strong><span>\u00a0<\/span>(18.30) activit\u0103\u021bi op\u021bionale<\/p>\n<p>&nbsp;<\/p>\n<p>[\/et_pb_text][\/et_pb_column][et_pb_column type=&#8221;3_5&#8243; _builder_version=&#8221;4.16&#8243; custom_padding=&#8221;|||&#8221; global_colors_info=&#8221;{}&#8221; custom_padding__hover=&#8221;|||&#8221;][et_pb_text _builder_version=&#8221;4.27.4&#8243; hover_enabled=&#8221;0&#8243; global_colors_info=&#8221;{}&#8221; sticky_enabled=&#8221;0&#8243;]<\/p>\n<h3>Contribu\u021bii valabile pentru anul \u0219colar 2025 &#8211; 2026<\/h3>\n<p>[\/et_pb_text][et_pb_text _builder_version=&#8221;4.21.0&#8243; custom_padding=&#8221;|2em||2em|false|true&#8221; global_colors_info=&#8221;{}&#8221;]<\/p>\n<p><strong>Clasa Preg\u0103titoare<\/strong><\/p>\n<ul>\n<li>Acesta este un nivel de studiu disponibil doar pentru copiii absolven\u021bi ai Gr\u0103dini\u021belor &#8222;Arc-en-Ciel&#8221;<\/li>\n<\/ul>\n<p><strong>Clasele I &#8211; IV<\/strong><\/p>\n<ul>\n<li>6700 EUR\/an scolar<\/li>\n<\/ul>\n<p><strong>Clasele V &#8211; VIII<\/strong><\/p>\n<ul>\n<li>7300 EUR\/an scolar<\/li>\n<\/ul>\n<p>Masa de pranz: 35 RON\/zi<\/p>\n<p>&nbsp;<\/p>\n<hr class=\"hr-fade\" \/>\n<p>&nbsp;<\/p>\n<p>[\/et_pb_text][et_pb_text _builder_version=&#8221;4.16&#8243; global_colors_info=&#8221;{}&#8221;]<\/p>\n<h3>Activit\u0103\u021bi op\u021bionale<\/h3>\n<h4>(disponibile doar pentru elevii \u0219colii)<\/h4>\n<p>[\/et_pb_text][et_pb_text _builder_version=&#8221;4.16&#8243; custom_padding=&#8221;|||2em|false|false&#8221; global_colors_info=&#8221;{}&#8221;]<\/p>\n<ul>\n<li><strong>Dans sportiv<\/strong> &#8211; 60 RON \/ \u0219edin\u021ba (2 \u0219edin\u021be \/ s\u0103pt\u0103m\u00e2n\u0103)<\/li>\n<li><strong>Karate<\/strong><span>\u00a0<\/span>\u2013 60 RON\/\u0219edin\u021b\u0103 (2 \u0219edin\u021be \/ s\u0103pt\u0103m\u00e2n\u0103)<\/li>\n<li><strong>Mind Lab<\/strong><span>\u00a0<\/span>\u2013 60 RON \u0219edin\u021b\u0103 (o \u0219edin\u021b\u0103 \/ s\u0103pt\u0103m\u00e2n\u0103)<\/li>\n<li><strong>Modelaj-Pictur\u0103<\/strong><span>\u00a0<\/span>\u2013 60 RON \/ \u0219edin\u021b\u0103 (o \u0219edin\u021b\u0103 \/ s\u0103pt\u0103m\u00e2n\u0103)<\/li>\n<li><strong>Robotic\u0103<\/strong><span>\u00a0<\/span>\u2013 100 RON \/ \u0219edin\u021b\u0103 (o \u0219edin\u021b\u0103 \/ s\u0103pt\u0103m\u00e2n\u0103)<\/li>\n<li><strong>\u0218ah<\/strong><span>\u00a0<\/span>\u2013 \u00een sistem de abonament, 200 RON \/ lun\u0103 (o \u0219edin\u021b\u0103 \/ s\u0103pt\u0103m\u00e2n\u0103)<\/li>\n<li><strong>Cluburi de Excelen\u021b\u0103<\/strong><span>\u00a0<\/span>&#8211; matematic\u0103, lb. francez\u0103, lb. englez\u0103, lb. german\u0103 \u2013 75 RON \/ \u0219edin\u021b\u0103 (o \u0219edin\u021b\u0103 \/ s\u0103pt\u0103m\u00e2n\u0103)<\/li>\n<li><strong>Pian<\/strong> (curs individual) \u2013 150 RON \/ \u0219edin\u021b\u0103<\/li>\n<li><strong>Vioar\u0103<\/strong> (curs individual) \u2013 150 RON \/ \u0219edin\u021b\u0103<\/li>\n<li><strong>Chitar\u0103<\/strong> (curs individual) \u2013 150 RON \/ \u0219edin\u021b\u0103<\/li>\n<li><strong>Logopedie<\/strong> (terapie individual\u0103) \u2013 200 RON \/ \u0219edin\u021b\u0103<\/li>\n<li><strong>Consiliere cognitiv-comportamental\u0103<\/strong> (terapie individual\u0103) \u2013 180 RON \/ \u0219edin\u021b\u0103<\/li>\n<li><strong>Psihoterapie<\/strong> (\u0219edin\u021b\u0103 individual\u0103) \u2013 195 RON \/ \u0219edin\u021b\u0103<\/li>\n<\/ul>\n<p>[\/et_pb_text][\/et_pb_column][\/et_pb_row][\/et_pb_section]<\/p>\n","protected":false},"excerpt":{"rendered":"<p>Program educa\u021bional, activit\u0103\u021bi op\u021bionale \u0219i contribu\u021biiContinu\u00e2nd specificul programei \u201cArc-en-Ciel\u201d, \u00een \u0218coala Gimnazial\u0103 \u201cAnastasia Popescu\u201d este aplicat curriculum-ul na\u021bional, \u00eembog\u0103\u021bit cu studierea celor trei limbi str\u0103ine &#8211; engleza, franceza, germana, precum \u0219i cu atelierele \u0219i cluburile demarate \u00eenc\u0103 din gr\u0103dini\u021b\u0103: arte plastice, muzica instrumentala si corala, teatru, jurnalism, atletism, dans sportiv, Karate, programul Mind Lab. Fiecare [&hellip;]<\/p>\n","protected":false},"author":1,"featured_media":0,"parent":0,"menu_order":0,"comment_status":"closed","ping_status":"closed","template":"","meta":{"_et_pb_use_builder":"on","_et_pb_old_content":"","_et_gb_content_width":"","_crdt_document":"","footnotes":""},"class_list":["post-1243","page","type-page","status-publish","hentry"],"_links":{"self":[{"href":"https:\/\/www.anastasiapopescu.ro\/scoala\/wp-json\/wp\/v2\/pages\/1243","targetHints":{"allow":["GET"]}}],"collection":[{"href":"https:\/\/www.anastasiapopescu.ro\/scoala\/wp-json\/wp\/v2\/pages"}],"about":[{"href":"https:\/\/www.anastasiapopescu.ro\/scoala\/wp-json\/wp\/v2\/types\/page"}],"author":[{"embeddable":true,"href":"https:\/\/www.anastasiapopescu.ro\/scoala\/wp-json\/wp\/v2\/users\/1"}],"replies":[{"embeddable":true,"href":"https:\/\/www.anastasiapopescu.ro\/scoala\/wp-json\/wp\/v2\/comments?post=1243"}],"version-history":[{"count":4,"href":"https:\/\/www.anastasiapopescu.ro\/scoala\/wp-json\/wp\/v2\/pages\/1243\/revisions"}],"predecessor-version":[{"id":5825,"href":"https:\/\/www.anastasiapopescu.ro\/scoala\/wp-json\/wp\/v2\/pages\/1243\/revisions\/5825"}],"wp:attachment":[{"href":"https:\/\/www.anastasiapopescu.ro\/scoala\/wp-json\/wp\/v2\/media?parent=1243"}],"curies":[{"name":"wp","href":"https:\/\/api.w.org\/{rel}","templated":true}]}}

Contribuții și program

<p>[et_pb_section fb_built=&#8221;1&#8243; _builder_version=&#8221;4.16&#8243; background_size=&#8221;initial&#8221; global_colors_info=&#8221;{}&#8221;][et_pb_row _builder_version=&#8221;4.16&#8243; global_colors_info=&#8221;{}&#8221;][et_pb_column type=&#8221;4_4&#8243; _builder_version=&#8221;4.16&#8243; custom_padding=&#8221;|||&#8221; global_colors_info=&#8221;{}&#8221; custom_padding__hover=&#8221;|||&#8221;][et_pb_text _builder_version=&#8221;4.16&#8243; global_colors_info=&#8221;{}&#8221;]</p>
<h2>Program educațional, activități opționale și contribuții</h2>
<p>[/et_pb_text][/et_pb_column][/et_pb_row][et_pb_row column_structure=&#8221;2_5,3_5&#8243; use_custom_gutter=&#8221;on&#8221; gutter_width=&#8221;4&#8243; _builder_version=&#8221;4.16&#8243; background_image=&#8221;https://www.anastasiapopescu.ro/scoala/wp-content/uploads/logo-bg-gimnaziu.png&#8221; background_size=&#8221;initial&#8221; background_position=&#8221;top_center&#8221; global_colors_info=&#8221;{}&#8221;][et_pb_column type=&#8221;2_5&#8243; _builder_version=&#8221;4.16&#8243; custom_padding=&#8221;|||&#8221; global_colors_info=&#8221;{}&#8221; custom_padding__hover=&#8221;|||&#8221;][et_pb_text _builder_version=&#8221;4.16&#8243; header_font=&#8221;||||||||&#8221; header_2_font=&#8221;||||||||&#8221; global_colors_info=&#8221;{}&#8221;]</p>
<p style="text-align: justify;">Continuând specificul programei “Arc-en-Ciel”, în Școala Gimnazială “Anastasia Popescu” este aplicat curriculum-ul național, îmbogățit cu studierea celor trei limbi străine &#8211; engleza, franceza, germana, precum și cu atelierele și cluburile demarate încă din grădiniță: arte plastice, muzica instrumentala si corala, teatru, jurnalism, atletism, dans sportiv, Karate, programul Mind Lab.<br /> Fiecare clasa cuprinde un numar de aproximativ 25 de elevi.</p>
<p style="text-align: justify;">Elevii isi pregatesc temele in scoala, sub forma unor ore de consolidare, fiind indrumati de invatatoarele si profesorii fiecarei clase.<br /> La nivelul scolii se deruleaza proiecte locale, nationale si internationale care ii antreneaza pe elevi si pe profesori in schimburi de experienta si parteneriate scolare.</p>
<p style="text-align: justify;">Sunt organizate permanent activitati extracurriculare: vizionari de spectacole, vizite la muzee, excursii, tabere tematice, precum si programul “Arc-en-Ciel Estival”, desfasurat in lunile iulie si august, deschis tuturor copiilor cu varsta intre 2 si 14 ani.</p>
<p>&nbsp;</p>
<h3>Desfășurător zilnic:</h3>
<p><strong><span class="success">08.00 – 12.00</span></strong><span> </span>– curriculum național<br /> <strong>12.00 – 14.00</strong><span> </span>– limbi străine sau consolidări<br /> <strong>14.00 – 15.00</strong><span> </span>– masa de prânz și jocuri<br /> <strong>15.00 – 17.00</strong><span> </span>– (luni – joi) limbi străine sau consolidări,<br /> (vineri) activități opționale<br /> <strong>17.00 – 18.00</strong><span> </span>(18.30) activități opționale</p>
<p>&nbsp;</p>
<p>[/et_pb_text][/et_pb_column][et_pb_column type=&#8221;3_5&#8243; _builder_version=&#8221;4.16&#8243; custom_padding=&#8221;|||&#8221; global_colors_info=&#8221;{}&#8221; custom_padding__hover=&#8221;|||&#8221;][et_pb_text _builder_version=&#8221;4.27.4&#8243; hover_enabled=&#8221;0&#8243; global_colors_info=&#8221;{}&#8221; sticky_enabled=&#8221;0&#8243;]</p>
<h3>Contribuții valabile pentru anul școlar 2025 &#8211; 2026</h3>
<p>[/et_pb_text][et_pb_text _builder_version=&#8221;4.21.0&#8243; custom_padding=&#8221;|2em||2em|false|true&#8221; global_colors_info=&#8221;{}&#8221;]</p>
<p><strong>Clasa Pregătitoare</strong></p>
<ul>
<li>Acesta este un nivel de studiu disponibil doar pentru copiii absolvenți ai Grădinițelor &#8222;Arc-en-Ciel&#8221;</li>
</ul>
<p><strong>Clasele I &#8211; IV</strong></p>
<ul>
<li>6700 EUR/an scolar</li>
</ul>
<p><strong>Clasele V &#8211; VIII</strong></p>
<ul>
<li>7300 EUR/an scolar</li>
</ul>
<p>Masa de pranz: 35 RON/zi</p>
<p>&nbsp;</p>
<hr class="hr-fade" />
<p>&nbsp;</p>
<p>[/et_pb_text][et_pb_text _builder_version=&#8221;4.16&#8243; global_colors_info=&#8221;{}&#8221;]</p>
<h3>Activități opționale</h3>
<h4>(disponibile doar pentru elevii școlii)</h4>
<p>[/et_pb_text][et_pb_text _builder_version=&#8221;4.16&#8243; custom_padding=&#8221;|||2em|false|false&#8221; global_colors_info=&#8221;{}&#8221;]</p>
<ul>
<li><strong>Dans sportiv</strong> &#8211; 60 RON / ședința (2 ședințe / săptămână)</li>
<li><strong>Karate</strong><span> </span>– 60 RON/ședință (2 ședințe / săptămână)</li>
<li><strong>Mind Lab</strong><span> </span>– 60 RON ședință (o ședință / săptămână)</li>
<li><strong>Modelaj-Pictură</strong><span> </span>– 60 RON / ședință (o ședință / săptămână)</li>
<li><strong>Robotică</strong><span> </span>– 100 RON / ședință (o ședință / săptămână)</li>
<li><strong>Șah</strong><span> </span>– în sistem de abonament, 200 RON / lună (o ședință / săptămână)</li>
<li><strong>Cluburi de Excelență</strong><span> </span>&#8211; matematică, lb. franceză, lb. engleză, lb. germană – 75 RON / ședință (o ședință / săptămână)</li>
<li><strong>Pian</strong> (curs individual) – 150 RON / ședință</li>
<li><strong>Vioară</strong> (curs individual) – 150 RON / ședință</li>
<li><strong>Chitară</strong> (curs individual) – 150 RON / ședință</li>
<li><strong>Logopedie</strong> (terapie individuală) – 200 RON / ședință</li>
<li><strong>Consiliere cognitiv-comportamentală</strong> (terapie individuală) – 180 RON / ședință</li>
<li><strong>Psihoterapie</strong> (ședință individuală) – 195 RON / ședință</li>
</ul>
<p>[/et_pb_text][/et_pb_column][/et_pb_row][/et_pb_section]</p>

<p>Program educațional, activități opționale și contribuțiiContinuând specificul programei “Arc-en-Ciel”, în Școala Gimnazială “Anastasia Popescu” este aplicat curriculum-ul național, îmbogățit cu studierea celor trei limbi străine &#8211; engleza, franceza, germana, precum și cu atelierele și cluburile demarate încă din grădiniță: arte plastice, muzica instrumentala si corala, teatru, jurnalism, atletism, dans sportiv, Karate, programul Mind Lab. Fiecare [&hellip;]</p>
